 derivative of -h**4/4 + 4*h**3/3 + h**2/2 - 4*h - 1. What is o(4)?
0
Let l(x) be the second derivative of -x**4/12 - 5*x**3/6 - 3*x**2/2 + x. Let j = 258 + -262. What is l(j)?
1
Let i(t) = 14*t + 8. Let q(r) = -5*r - 3. Let o(y) = -4*i(y) - 11*q(y). Let x = 39 + -34. Give o(x).
-4
Let g(w) = -3*w - 1. Let p = -10 - -8. Give g(p).
5
Let o(k) = 0 + 0*k + 0 - 2*k. Let c = -1 + -3. Determine o(c).
8
Let x be 4 - 1/((0 + -3)/6). Let a(o) = -o - 5. Calculate a(x).
-11
Let t(h) = 7*h**3 + h**2 + h - 5. Let q(x) = 6*x**3 + 2*x**2 + 2*x - 4. Let p(s) = -6*q(s) + 5*t(s). Determine p(-6).
5
Let v(t) = t**3 + 10*t**2 + t + 8. Let l be v(-10). Let x(r) = 3*r + 5 - 1 - 2 - r. Determine x(l).
-2
Let s(h) = -h - 5 + 4 + 3 + 0*h. Let d(x) = -x**2 - 7*x - 2. Let w be d(-6). Give s(w).
-2
Let p(a) be the second derivative of 3*a**5/10 - a**4/12 - a**3/6 + a. Let v(k) = -k**3 + k**2 + 2*k - 1. Let b be v(2). Calculate p(b).
-6
Let v(o) = -89*o**2 + 89*o**2 - o**3 + 2*o**3. Give v(1).
1
Let r = 9 + -24. Let x = 17 + r. Let o(a) = -2*a**3 + 2*a**2 + 1. Give o(x).
-7
Suppose 2*z + 8 = -2*f, -z + 2 = 3*f + 18. Let d = 8 + f. Suppose -3*q - 2*g - d = -0*q, -5*q - g = 8. Let s(r) = -r**2 - r. Determine s(q).
-2
Let g be ((-40)/(-30))/(2/6). Let t(x) = 3*x**2 - 9*x + 4. Let v(m) = 7*m**2 - 19*m + 7. Let b be (-4)/6 - (-26)/(-6). Let h(r) = b*t(r) + 2*v(r). What is h(g)?
6
Let s(z) be the first derivative of -6 + 1/2*z**2 + 0*z. What is s(1)?
1
Let l(j) = j**3 + 3*j**2 + j + 1. Let b = 14 - 8. Suppose b*u - 4 = 8*u. Determine l(u).
3
Suppose 4*n + 15 = -5. Let h(t) = t**3 + 4*t**2 + 3*t - 2. Let i(j) = -j**3 - 3*j**2 - 3*j + 3. Let m(y) = -3*h(y) - 2*i(y). Determine m(n).
-10
Let j(v) = -7*v**2 - 17*v - 7. Let a(f) = 13*f**2 + 33*f + 15. Let p(l) = -6*a(l) - 11*j(l). Give p(-9).
5
Let v(m) = -m**3 + 2*m**2 + 2*m + 1. Let o = -1 - -1. Suppose t + 2 + 3 = o. Let l = t + 7. Give v(l).
5
Let l(d) = -6*d + 1. Suppose 0 = 4*w - 2*c + 8, 2*w + 5*c - 13 = 5*w. What is l(w)?
7
Suppose 6*s - 55 = -7. Let t(n) = n - 8. Give t(s).
0
Suppose 0*y = 3*y - 3. Suppose -3*c = v + 5, -5*c + y - 2 = -2*v. Let f(r) = 3*r**2 - 2*r + 5. Let x(d) = -d**2 + d - 2. Let h(a) = -2*f(a) - 5*x(a). Give h(c).
0
Let a(x) = x**2 - 9*x + 4. Let l be (24/(-28))/(2/(-28)) + -4. What is a(l)?
-4
Let m = -9 + 6. Let c(z) = 3*z - 2. Give c(m).
-11
Let g(p) be the second derivative of -3*p**2 - 3*p - 2/3*p**3 + 0 + 1/12*p**4. What is g(6)?
6
Let i(p) be the third derivative of p**6/60 - p**5/30 - p**4/8 + p**3/3 - 8*p**2. Let l(v) = v + 1. Let d be l(-3). Let t = 0 - d. Determine i(t).
4
Suppose 0 = -0*t - 3*t - 42. Suppose 2*k + 8 - 48 = 0. Let f = t + k. Let g(n) = -n - 1. Give g(f).
-7
Let x(y) be the third derivative of y**4/24 - 5*y**3/6 - y**2. Let k(j) = -j + 6. Let w(f) = 5*k(f) + 6*x(f). Suppose -3*m + 7*m = 16. Determine w(m).
4
Suppose 5 - 2 = i. Let s = 1 - i. Let h(d) be the second derivative of d**3/2 - d**2/2 - 4*d. Calculate h(s).
-7
Suppose -5*x = -2*k - 31, 0*k = -5*x - 2*k + 19. Let d(v) = -x*v + 11 - 5 + 2*v + 4*v. Calculate d(-6).
0
Let c(d) = 5*d - 5. Let h(g) = -g + 1. Suppose 5*j - 4 = 16. Let z(x) = j*h(x) + c(x). Determine z(-5).
-6
Let z(r) = 5*r - 5. Let l(x) = 4*x - 5. Let v(j) = -3*l(j) + 2*z(j). Suppose 5*d + n = 6, d = 4*n - 3 - 0. Let y be ((-2)/3)/(d/(-6)). Give v(y).
-3
Let a(c) = -c**2 - 6*c - 2. Let x(n) be the first derivative of -n**4/4 + 3*n**3 - 5*n**2 + 12*n - 1. Let f be x(8). Give a(f).
6
Let a(k) be the first derivative of -3*k**2/2 - 2*k - 25. Determine a(5).
-17
Let h(r) = 2*r**2. Let d(v) = 3*v**2 + v. Let f(t) = -3*d(t) + 4*h(t). Suppose k - 6*k = 0. Let u be (k - 6/(-8))*-4. What is f(u)?
0
Suppose 4*j - 9 = 7. Suppose 11*z = 6*z - j*g + 21, -12 = -3*z - 3*g. Let t(x) = x**2 - 5*x - 2. Calculate t(z).
-2
Let i = -4 - -9. Let w = i + -3. Suppose -w*h = -r - 3*r - 2, 10 = 5*r. Let u(z) = z**2 - 3*z - 7. Calculate u(h).
3
Let s = -6 + 10. Let v(m) = -s*m + 0 - 2*m - m**2 - m + 1. Determine v(-7).
1
Let f(a) = -a**3 - a**2 - a - 1. Let b(r) = -3*r**2 + r - 3. Let o(y) = -b(y) - f(y). Calculate o(-4).
4
Let p = -10 - -15. Let g(i) = i**2 - 3*i - 25 + 21 + 0*i. Determine g(p).
6
Suppose 3*j - 9 = 0, 2*h - 3*j + 7 = 2*j. Suppose -h = 2*p + 4. Let l(q) be the second derivative of -q**4/12 - q**3/2 - q**2 - 2*q. What is l(p)?
-6
Let t = 18 + -17. Let g(z) = -5*z**3 - 2*z + 1. What is g(t)?
-6
Let o(a) = a**2 - 10*a + 13. Let u be o(9). Let r(t) be the third derivative of 2*t**2 + 1/12*t**4 + 0 + 0*t - t**3. Determine r(u).
2
Let b(t) = -3 + 1 + 2 - 1 + t. What is b(-3)?
-4
Let z(n) = 8*n**3 + 2*n**2 - 6*n + 4. Let d(v) = -v**2 - v - 1. Let q(c) = 3*d(c) + z(c). Let u(p) = p**3 - p. Let b(t) = -q(t) + 6*u(t). Calculate b(2).
-7
Let s(i) be the third derivative of 0*i - 1/24*i**6 + 0 + 1/60*i**5 + 0*i**4 + 0*i**3 + 4*i**2. Give s(-1).
6
Suppose -8*c = -4*c. Let b(z) = 2 + c*z + 0*z - z. Let r = -11 - -8. Calculate b(r).
5
Let k(g) be the second derivative of -g**3/6 + g**2 - 24*g. Give k(2).
0
Let r(h) = h**2 + 9*h - 14. Let k(v) = -2*v**2 - 17*v + 27. Let j(q) = -3*k(q) - 5*r(q). Let b be j(-8). Let x(o) = -o**2 + 4*o + 1. Determine x(b).
-4
Suppose -2*t - t = 0. Let a(n) be the first derivative of 4*n**3 - 1 + t*n - n - 2*n**3. Determine a(-1).
5
Let y(g) = -g**3 - 4*g**2 + g + 2. Let z(h) = -3*h**3 + 2*h**2 - 2*h. Let k be z(1). Calculate y(k).
-10
Let u(y) be the second derivative of -y**8/6720 - y**7/630 + y**6/120 + 7*y**5/120 - y**4/3 - 2*y. Let s(x) be the third derivative of u(x). Calculate s(-5).
2
Let k(m) = -m + 5. Let w be k(8). Let l(g) be the third derivative of -g**2 - 1/24*g**4 + 0 + 0*g + 2/3*g**3. What is l(w)?
7
Suppose -2*r = -15 + 3. Let v be (-14)/(-6) - r/(-9). Let z(u) = v*u - 1 + 0 - 2*u. What is z(4)?
3
Let k(h) be the second derivative of -h**4/6 + h**2/2 - 4*h. Determine k(-2).
-7
Let b(y) = 3*y**2 - 21*y - 17. Let x(t) = 5*t**2 - 32*t - 26. Let q(l) = 8*b(l) - 5*x(l). Give q(-5).
9
Let x = 1 - -2. Suppose -x*c + 16 = c. Let k(t) = t**3 - t + 1. Let p(i) = -7*i**3 + 5*i**2 + i - 4. Let g(u) = -6*k(u) - p(u). Give g(c).
2
Let w(u) = -u**3 + 4*u**2 - u - 2. Let s(j) = j - 11. Let y be s(10). Let h be (-5 + y)*1/(-2). Calculate w(h).
4
Suppose 3*v - 27 = 3. Suppose 5*x = -0 + v. Let t(b) = -b**3 + 0 + 5*b - 3*b - 1 - 2*b**x. Calculate t(-3).
2
Suppose k + 5*k = 30. Let j(r) be the first derivative of -r**4/4 + 2*r**3 - 3*r**2 - r + 1. Determine j(k).
-6
Let k = 14 - 20. Let t(z) = z**3 - 3*z**2 + 5*z**2 + 4*z**2. What is t(k)?
0
Let n(k) = -2*k + 6. Let b be (-1)/(-1) + (7 - 1). Suppose -b - 9 = -4*w. What is n(w)?
-2
Let n be 3*3/(-4 - -7). Suppose n*s - v - 4 = s, -3*s + 8 = -v. Let r(k) = k**3 - 3*k**2 - 6*k + 5. Calculate r(s).
-3
Let j = 77/4 - 19. Let v(q) be the third derivative of 0 + j*q**4 + 0*q + 1/3*q**3 - 1/60*q**5 + 3*q**2. Give v(5).
7
Let g be 4/12*(-1 - -16). Let a = -3 + g. Let n(x) = -3 - 1 - a*x + 2. Calculate n(-3).
4
Suppose -s + 5*s = 0. Let y(w) = w - 8. What is y(s)?
-8
Let n(s) = s**2 - 4*s + 5. Let j be (-1)/5 + (-11)/(-5). What is n(j)?
1
Suppose w + w - 12 = 0. Let g be (-10)/(-4)*w/5. Let m(r) = -r + 2*r**3 - r**g + 3*r - 4*r**2 - 5. Calculate m(4).
3
Let i(q) = q - 13. Suppose 2*c + 19 + 1 = 2*a, -4*a = -5*c - 44. What is i(a)?
-7
Let x = -2 + 6. Let l(r) = -r**2 - r + 1. Let d(y) = 1 + 4*y - 6*y - 5*y - 4*y**2. Let j(q) = d(q) - 5*l(q). Calculate j(x).
4
Let o(r) be the third derivative of -1/12*r**4 + 0*r + r**2 - 1/6*r**3 + 0. Suppose u + 2*v = 1, 6*u - u + 4*v = 5. What is o(u)?
-3
Let l = 6 + -2. Let i(t) = 2*t - 8. Let f(m) = 2. Let x(g) = 4*f(g) + i(g). Give x(l).
8
Suppose 3 + 7 = 5*j. Suppose 4*m + 56 = 4*i, -7 - 25 = -j*i + m. Suppose -3*n - 2*y + i = -5*n, -3*n + 3 = 3*y. Let b(v) = v - 3. Give b(n).
-7
Let g(m) be the first derivative of -m**4/12 - m**3 + 7*m**2/2 + 3*m + 4. Let w(u) be the first derivative of g(u). Give w(-6).
7
Let p(l) = -l**2 - 3*l - 4. Let u be p(-3). Let s be (-4)/8 + (-5)/(-2). Let h(x) = 1 + 1 - 3*x + s*x - 6. What is h(u)?
0
Let r(h) = -h**3 + 5*h**2 - h - 6. Let n be r(5). Let d = 7 + n. Let j(a) = a**3 + 4*a**2 + 3. Let s be j(d). Let t(c) = -c**2 + 3*c - 2. Give t(s).
-2
Let c = 2 + -4. Let x(j) be the first derivative of -j**4/2 - 2*j**3/3 + j**2/2 + 2*j - 4. Give x(c)